 + -692. Suppose 0 = m*i - 204*i - 284. What is the greatest common divisor of i and 71?
71
Let w(x) = -x**2 + 44*x - 440. Let n be w(28). Calculate the highest common divisor of 74 and n.
2
Suppose 184 = 5*n - j - 95, 4*n - 208 = -3*j. What is the highest common factor of n and 209?
11
Let o = 170 + -282. Let i be 8/(-24) - 286/6. Let d = i - o. Calculate the highest common factor of d and 8.
8
Suppose 154 = 4*d - 182. Suppose -4*z + 20 = -d. Calculate the highest common factor of z and 117.
13
Let u be (-1)/2 + 1806/4. Let y(h) = -h**2 + 89*h + 4867. Let o be y(-38). Calculate the greatest common factor of o and u.
41
Let m be 639 - (80/8 - 4). What is the highest common divisor of 21 and m?
3
Let y be -2 + -3 + (-40)/(-5) - -4. Let v(b) = b**3 - 2*b**2 + 15*b - 46. Let h be v(y). What is the highest common divisor of h and 38?
38
Let c(i) = -i - 2. Let b be c(-4). Let v(f) = 3 - 8*f**2 - 21*f + 3 + 11*f**b - f**2. Let o be v(14). What is the greatest common factor of 13 and o?
13
Let w(r) = 3*r**3 + 5*r**2 - 12*r. Let m be w(4). Let l(j) = 3*j**2 + 26*j - 77. Let t be l(3). Calculate the greatest common divisor of m and t.
28
Suppose 0*m + 48 = m. Let g(j) = 1733*j - 5159. Let x be g(3). What is the greatest common divisor of m and x?
8
Let d(k) = -24*k - 22. Let a be d(-13). Let m(o) = 214*o - 224*o + 4*o**3 - 4*o**2 - 11 - 5*o**3. Let q be m(-4). What is the greatest common factor of q and a?
29
Let s(k) = 5*k**2 + 57*k + 14. Let w be s(-11). Let u be (0/2 - w/(-6))*-306. What is the greatest common factor of u and 51?
51
Let d(m) = 1 + 8 - 2*m**2 + m**2 + 32*m - 26*m. Let z be d(7). Suppose 4*k - 350 = z*i, -k + 5*i = -83 + 18. Calculate the highest common factor of 10 and k.
10
Let w = -51 + 64. Suppose -5*j + w = 6*o - 4*o, -4*o - 16 = -4*j. What is the highest common factor of j and 21?
3
Let j be (-18756)/(-24) + (-1)/2. Suppose 0 = -3*v - 4*b + j, v - 3*b = -0*b + 243. Calculate the highest common factor of 30 and v.
15
Let m(f) = -f**2 + 2*f - 11. Let a be m(4). Let s = 29 - a. Calculate the greatest common divisor of s and 168.
24
Suppose -4*w = -2*u + w + 528, -2*u + 532 = -4*w. Let x = u - 114. Calculate the greatest common divisor of x and 5.
5
Let f = 202 + -200. Suppose -3*u - 69 = -f*n + 14, 4 = -4*u. Calculate the greatest common factor of n and 70.
10
Let a be (1*7/(-21))/(0 + 5/(-4635)). What is the greatest common divisor of 824 and a?
103
Let c = -125 - -297. Let j = -156 + c. What is the greatest common divisor of 128 and j?
16
Let s be (-2)/(-12) - (-4883)/114. Suppose s + 87 = 5*r. Suppose 2*a - r = 48. What is the greatest common divisor of 185 and a?
37
Suppose -3895 = j - 3909. Let q(p) = -2*p - 1. Let w be q(-2). Suppose -5*z = -c + 13 + 6, 3*c = -w*z + 39. Calculate the highest common divisor of j and c.
14
Suppose -12*g + 140 = -7*g. Suppose 0 = -2*s + 3*u - 43, -3*s - 176 = 5*u - 64. Let c = s - -43. Calculate the highest common factor of g and c.
14
Let u(a) = -27*a - 596. Let n be u(-23). What is the highest common factor of 24025 and n?
25
Let u = 497 - 499. Let o be (2/(-4))/(u/24). Calculate the greatest common factor of o and 102.
6
Suppose -n = -2*x + 11491, 22975 = 4*x - 333*n + 332*n. What is the highest common divisor of x and 36?
18
Let j = 0 + 8. Let n be (-102 - (-58 + -41))*(2 + 6)/(-1). Calculate the highest common divisor of n and j.
8
Suppose -2*l = -5*d - 125, l - 40 = -4*d + 2*d. Let t(b) = -82*b**2 - 326*b + 33. Let g be t(-4). Calculate the greatest common factor of l and g.
25
Let r(m) = -m + 5. Let i be r(4). Let y be (1 - 1 - 228/2)*i. Let t be 5*(0 + y/(-10)). Calculate the highest common factor of 19 and t.
19
Let q be (-2)/2 + (5312/(-8))/(-8). Calculate the greatest common factor of 5986 and q.
82
Let x be (-2 - 1) + ((-357)/(-24) - 65/(-520)). Calculate the greatest common divisor of 1965 and x.
3
Let o be (5 - 119)/((-4)/6). Let r = o + -152. Calculate the greatest common divisor of r and 19.
19
Let b = 427 + 916. Let q = b - 440. What is the greatest common divisor of 43 and q?
43
Let w = 4210 - 3730. Calculate the highest common divisor of w and 15.
15
Suppose -1 = -p - 4*y, 2*y - 6*y + 11 = 3*p. Suppose -6*o + p = -7. Suppose -18 = -3*t - 9. What is the greatest common factor of t and o?
1
Suppose 1296 + 861 = 87*f - 2280. What is the greatest common factor of f and 369?
3
Let i = -20 - -77. Suppose -i + 127 = 2*d. Let b = d - 32. What is the highest common factor of 51 and b?
3
Let h(j) = -j**2 + 24*j + 34. Let y be h(25). Suppose -15 = 3*b, b = g + y - 79. Calculate the highest common divisor of g and 26.
13
Let q(j) = 3*j**2 + 136*j - 939. Let n be q(-53). What is the highest common divisor of n and 4865?
35
Let k be (-2)/9 - (-870)/27. Let c be 2 + -1 + 0 + (-31 - (-1512)/28). Calculate the highest common factor of c and k.
8
Let s(p) = p**3 - 34*p**2 + 123*p - 986. Let w be s(35). Calculate the highest common divisor of w and 142.
142
Suppose -13*o + 1765 - 361 = 0. Let r(b) = -9*b + 9. Let s be r(-7). Calculate the highest common factor of o and s.
36
Let k be (1176/(-70))/(-2*(-12)/(-90)). Calculate the greatest common factor of 8316 and k.
63
Suppose 0 = -546*n + 557*n - 165. Suppose 4*h + 616 = 56. Let i = h + 260. Calculate the highest common divisor of n and i.
15
Let o(y) = 2*y + 1. Let w(p) = 120*p**2 + 3*p + 4. Let f(s) = 2*o(s) + w(s). Let u be f(-1). Calculate the highest common factor of u and 34.
17
Let t = 37306 - 37081. Calculate the highest common divisor of t and 5775.
75
Suppose -101*t + 486 = -285 - 1350. Calculate the highest common divisor of t and 3661.
7
Let u(z) = 9*z**2 + 5*z + 1. Let m be u(4). Let f(a) = -4*a**3 - 63*a**2 + 662*a - 100. Let n be f(-23). Calculate the highest common factor of n and m.
15
Let s = 2693 - 2577. Calculate the greatest common factor of s and 1450.
58
Let a = 34 - 27. Suppose -3*f = -a*f - 120. Let n = f + 39. Calculate the highest common factor of n and 9.
9
Let h be (-38 - (28 - 6))*(-14)/4. Calculate the greatest common factor of 50 and h.
10
Suppose -k - 2*j + 384 = 0, -k - 5*j + 103 + 302 = 0. What is the greatest common factor of k and 480?
10
Suppose 0 = -b - 5, 4*h - 127*b + 132*b = 227. Calculate the greatest common factor of h and 2835.
63
Suppose -660*b = -678*b + 414. What is the greatest common divisor of b and 4439?
23
Suppose 11578*h = 11545*h + 20229. Calculate the highest common factor of h and 8.
1
Let y = -10963 - -11896. Calculate the greatest common divisor of y and 3.
3
Suppose 4*a + 21 = -259. Let q be (-63 + 56)/(0 - -1). Let k be (a/(-3))/q*-18. What is the greatest common factor of k and 15?
15
Suppose l = 3*l - 24. Suppose -10*o + 197 = -1823. Suppose 4*q - 282 = 3*v, 3*q - v - o = l. What is the highest common divisor of q and 96?
24
Let r = -28 - -49. Suppose 2*h = -u + 17, 3*u + 6 - 15 = 0. What is the highest common factor of h and r?
7
Let a = 13885 - 13879. What is the greatest common factor of 1126 and a?
2
Suppose -796 - 188 = -6*q. Suppose -5*p = 2*n - 212, 4*n + q = 5*p - p. What is the highest common divisor of p and 21?
21
Suppose 2*u - 82 = -4*n, -8*n = -5*n + 3*u - 57. What is the highest common factor of n and 9482?
22
Let f = -118 + 222. Let s be 53 - 44 - (-15 + 6/(-3)). What is the greatest common divisor of f and s?
26
Let h be 2 + (31 - 1/(-1)). Let b be (-62860)/(-56) - (-1)/(-2). Let x be 4*(b/12 - 0). Calculate the greatest common divisor of x and h.
34
Let g be -2 + 129 + 3*(-104)/(-39). Calculate the highest common divisor of g and 1035.
45
Suppose 0 = t - i - 6, i + 22 = 3*t - 0*i. Suppose -1 = -3*v + t. Let y = -254 - -284. What is the greatest common factor of v and y?
3
Suppose 5*l - 5*t = 135, -l = 3*l + t - 103. Let w be (-6)/15 - (-248)/(-5). Let h be 52/(-5)*w/4. Calculate the highest common divisor of h and l.
26
Suppose 0 = -9*x + 24 - 6. Suppose -x*f + 57 + 51 = 5*u, -4*u + 2*f + 72 = 0. Calculate the greatest common divisor of 230 and u.
10
Let z be -337 - ((-5)/(20/(-24)) + -2). Let x = z - -380. Calculate the highest common divisor of x and 1053.
39
Suppose 0 = 2*y - 13 + 5. Let q = -17298 - -17304. What is the greatest common divisor of q and y?
2
Suppose 5*l + 3*x + 569 = 0, -4*l - 275 = 4*x + 185. Let z = -42 - l. Suppose -z = -0*n - 5*n. What is 